nd 229274?
134
What is the highest common factor of 73684 and 8788?
676
Calculate the highest common factor of 337255 and 555.
185
Calculate the highest common factor of 168 and 171192.
168
Calculate the greatest common factor of 104251 and 562.
281
What is the greatest common divisor of 27797 and 931?
133
What is the highest common divisor of 63 and 12033?
63
Calculate the greatest common divisor of 48 and 2943912.
24
What is the greatest common factor of 78 and 185809?
13
What is the highest common factor of 486 and 51750?
18
Calculate the highest common divisor of 42 and 33804.
6
Calculate the highest common factor of 10836 and 1505.
301
What is the highest common factor of 9093444 and 978?
978
What is the highest common factor of 109712 and 2192?
16
What is the greatest common factor of 2005402 and 14?
14
Calculate the highest common factor of 540462 and 246.
246
What is the highest common factor of 21285 and 132?
33
Calculate the highest common divisor of 24 and 2422256.
8
What is the greatest common factor of 13 and 1164059?
13
What is the greatest common factor of 1932 and 213624?
276
What is the greatest common divisor of 6055 and 385?
35
Calculate the highest common divisor of 143 and 92730.
11
What is the highest common divisor of 2150 and 24840?
10
What is the highest common factor of 1015621 and 683?
683
What is the highest common divisor of 77384 and 476?
68
Calculate the highest common divisor of 874 and 1817.
23
What is the highest common factor of 173419 and 688?
43
What is the greatest common factor of 154 and 285824?
154
Calculate the highest common factor of 15 and 10135.
5
Calculate the highest common factor of 95676 and 28.
28
Calculate the greatest common divisor of 806 and 3926.
26
Calculate the highest common divisor of 11651 and 2483.
191
Calculate the highest common divisor of 25 and 38275.
25
What is the highest common divisor of 2231 and 4171?
97
Calculate the greatest common factor of 3006 and 37818.
18
Calculate the highest common divisor of 13871 and 2288.
143
Calculate the highest common factor of 1276 and 2222.
22
What is the greatest common divisor of 164 and 156702?
82
What is the highest common divisor of 180103 and 154?
77
What is the greatest common divisor of 74592 and 2436?
84
What is the greatest common factor of 72 and 561696?
24
What is the highest common divisor of 1734 and 156?
6
What is the highest common divisor of 206 and 61079?
103
What is the highest common factor of 1098 and 30?
6
Calculate the greatest common divisor of 27 and 4467771.
27
Calculate the greatest common factor of 4194 and 66.
6
What is the greatest common factor of 27302 and 1258374?
2482
Calculate the highest common factor of 155 and 31651.
31
Calculate the greatest common divisor of 1809 and 3819.
201
What is the greatest common factor of 39871 and 91?
13
Calculate the greatest common divisor of 470 and 1250.
10
Calculate the greatest common divisor of 1728 and 2346048.
576
Calculate the highest common factor of 371777 and 921.
307
Calculate the greatest common factor of 245 and 18816.
49
What is the highest common divisor of 130 and 14118?
26
What is the highest common divisor of 3440 and 55360?
80
Calculate the greatest common factor of 34 and 43231.
17
What is the highest common factor of 3232516 and 136?
68
Calculate the greatest common factor of 328784 and 16.
16
Calculate the highest common divisor of 173 and 82521.
173
Calculate the greatest common factor of 25662 and 3354.
78
Calculate the highest common divisor of 118545 and 105.
105
What is the greatest common divisor of 177 and 1345200?
177
Calculate the highest common divisor of 2292981 and 3.
3
Calculate the highest common factor of 288 and 208152.
72
What is the greatest common divisor of 3 and 115734?
3
Calculate the greatest common factor of 198 and 23903.
11
Calculate the highest common factor of 1870 and 122060.
170
What is the greatest common factor of 17072 and 1936?
176
What is the highest common divisor of 182743 and 11?
11
Calculate the greatest common divisor of 380 and 40204.
76
Calculate the greatest common divisor of 14596 and 4592.
164
Calculate the greatest common factor of 633 and 28907.
211
Calculate the greatest common divisor of 14622 and 48.
6
What is the highest common factor of 1056 and 835032?
264
Calculate the greatest common factor of 5467 and 353864.
497
Calculate the greatest common divisor of 333 and 2097.
9
Calculate the greatest common divisor of 278074 and 8656.
1082
What is the highest common divisor of 2934 and 1189737?
1467
Calculate the highest common factor of 6969 and 368.
23
Calculate the highest common factor of 99 and 46017.
9
What is the greatest common divisor of 729 and 15255?
27
What is the greatest common divisor of 86632 and 56?
56
What is the highest common divisor of 38411 and 1623?
541
What is the greatest common divisor of 726057 and 27?
27
What is the greatest common factor of 1475804 and 187?
187
What is the highest common factor of 1404 and 10179?
351
What is the greatest common factor of 1313 and 2080?
13
Calculate the greatest common divisor of 94879 and 790.
79
What is the greatest common factor of 25908 and 16320?
204
Calculate the greatest common factor of 56 and 319564.
28
Calculate the highest common divisor of 142821 and 294.
21
Calculate the greatest common factor of 633 and 2900828.
211
What is the highest common factor of 4578 and 714?
42
What is the greatest common divisor of 170309 and 73?
73
Calculate the greatest common divisor of 5330194 and 86.
86
What is the highest common factor of 4352 and 3298?
34
Calculate the highest common factor of 140 and 128660.
140
What is the greatest common divisor of 448970 and 20?
10
What is the greatest common factor of 65 and 59943?
13
What is the greatest common divisor of 9994750 and 10?
10
What is the greatest common factor of 1386307 and 338?
169
Calculate the highest common divisor of 3568 and 104.
8
What is the highest common factor of 316740 and 140?
20
Calculate the highest common divisor of 774 and 18490.
86
Calculate the highest common factor of 95 and 73330.
5
Calculate the greatest common divisor of 15 and 233949.
3
What is the highest common factor of 1184 and 1881302?
74
Calculate the highest common factor of 789302 and 236.
118
Calculate the highest common divisor of 448 and 357560.
56
What is the highest common factor of 249061 and 263?
263
Calculate the greatest common factor of 1166169 and 46.
23
What is the highest common factor of 8855 and 9660?
805
Calculate the highest common divisor of 89304 and 36.
12
Calculate the highest common divisor of 244 and 129625.
61
What is the highest common factor of 5425 and 1860?
155
What is the greatest common divisor of 67791 and 8142?
177
Calculate the highest common factor of 613350 and 3384.
846
Calculate the highest common divisor of 932 and 224379.
233
Calculate the highest common factor of 22509 and 615.
123
What is the highest common divisor of 28721 and 1001?
77
Calculate the greatest common divisor of 54 and 688158.
18
Calculate the greatest common divisor of 1316 and 770.
14
Calculate the greatest common divisor of 23 and 121.
1
What is the greatest common factor of 3904 and 96?
32
What is the highest common divisor of 409326 and 12?
6
Calculate the greatest common factor of 160 and 5524.
4
What is the greatest common factor of 253988 and 75012?
1316
Calculate the highest common factor of 25088 and 4608.
512
What is the highest common factor of 42483 and 42?
21
Calculate the greatest common divisor of 635130 and 72.
18
Calculate the highest common factor of 50512 and 2464.
1232
What is the highest common factor of 5 and 44364?
1
Calculate the greatest common factor of 3101 and 224.
7
Calculate the greatest common factor of 5473710 and 891.
297
Calculate the highest common factor of 254 and 1102614.
254
Calculate the greatest common factor of 683872 and 5719.
301
What is the highest common divisor of 5720 and 77?
11
What is the highest common factor of 847 and 441771?
121
Calculate the highest common factor of 24867 and 6399.
81
Calculate the greatest common divisor of 371296 and 5248.
1312
What is the highest common divisor of 321262 and 20184?
1682
What is the highest common factor of 468